 when 3131854 is divided by 1043944.
22
What is the remainder when 23903 is divided by 323?
1
Calculate the remainder when 300515 is divided by 11129.
32
Calculate the remainder when 1803358 is divided by 450836.
14
What is the remainder when 476616 is divided by 158653?
657
What is the remainder when 37053 is divided by 6070?
633
Calculate the remainder when 7866070 is divided by 2622018.
16
Calculate the remainder when 163436 is divided by 27235.
26
Calculate the remainder when 44123040 is divided by 43.
9
What is the remainder when 258346508 is divided by 1699648?
12
What is the remainder when 1781439 is divided by 1781433?
6
What is the remainder when 19452 is divided by 1913?
322
Calculate the remainder when 753844 is divided by 216.
4
Calculate the remainder when 10020118 is divided by 1000.
118
What is the remainder when 304928 is divided by 764?
92
What is the remainder when 410878 is divided by 68?
22
What is the remainder when 62072 is divided by 59911?
2161
Calculate the remainder when 179838342 is divided by 977.
975
Calculate the remainder when 21485 is divided by 5321.
201
Calculate the remainder when 44837 is divided by 11730.
9647
Calculate the remainder when 228658 is divided by 251.
248
What is the remainder when 108854995 is divided by 369?
364
Calculate the remainder when 914997 is divided by 175.
97
What is the remainder when 29362332 is divided by 1975?
7
What is the remainder when 11139 is divided by 10480?
659
What is the remainder when 30139938 is divided by 747?
729
What is the remainder when 47497311 is divided by 213?
15
What is the remainder when 117864985 is divided by 38380?
5
What is the remainder when 290507 is divided by 112?
91
What is the remainder when 34334153 is divided by 573?
566
Calculate the remainder when 834381 is divided by 1211.
2
Calculate the remainder when 1019513 is divided by 83.
24
What is the remainder when 714098 is divided by 4011?
140
What is the remainder when 4351590 is divided by 1450090?
1320
Calculate the remainder when 14619 is divided by 2080.
59
What is the remainder when 5501407 is divided by 41?
27
What is the remainder when 676187 is divided by 378?
323
Calculate the remainder when 10041416 is divided by 8424.
8
What is the remainder when 46211 is divided by 6109?
3448
What is the remainder when 422636 is divided by 12794?
434
Calculate the remainder when 1547820106 is divided by 1556.
1554
What is the remainder when 3606885 is divided by 1474?
7
Calculate the remainder when 54013498 is divided by 18.
16
What is the remainder when 77030 is divided by 8416?
1286
What is the remainder when 3986787 is divided by 249173?
19
Calculate the remainder when 2826379 is divided by 39.
10
Calculate the remainder when 4162596 is divided by 4162525.
71
Calculate the remainder when 15203768 is divided by 59.
58
What is the remainder when 3466056 is divided by 103?
3
Calculate the remainder when 2764038 is divided by 552787.
103
What is the remainder when 5737821 is divided by 111?
9
What is the remainder when 122068 is divided by 92?
76
Calculate the remainder when 963729 is divided by 196.
193
What is the remainder when 39018 is divided by 7670?
668
What is the remainder when 3533291 is divided by 493?
453
Calculate the remainder when 48124147 is divided by 7.
1
Calculate the remainder when 6902403 is divided by 79.
15
Calculate the remainder when 16540 is divided by 785.
55
Calculate the remainder when 3509384 is divided by 81.
59
Calculate the remainder when 243841 is divided by 89.
70
Calculate the remainder when 14088126 is divided by 297.
228
What is the remainder when 60511460 is divided by 565?
525
Calculate the remainder when 2916432 is divided by 927.
90
Calculate the remainder when 1589239 is divided by 9871.
8
What is the remainder when 325722 is divided by 1872?
1866
Calculate the remainder when 3441354 is divided by 258.
150
Calculate the remainder when 578818 is divided by 52.
6
What is the remainder when 62801 is divided by 1930?
1041
What is the remainder when 37025830 is divided by 24?
22
What is the remainder when 1695279 is divided by 7?
5
What is the remainder when 301107 is divided by 8364?
3
Calculate the remainder when 467781 is divided by 23.
7
Calculate the remainder when 1854792 is divided by 3460.
232
Calculate the remainder when 33893086 is divided by 16.
14
Calculate the remainder when 27946328 is divided by 86.
26
Calculate the remainder when 21329693 is divided by 3047098.
7
Calculate the remainder when 11516059 is divided by 27.
19
What is the remainder when 4980771 is divided by 316?
295
What is the remainder when 4029942 is divided by 98290?
52
Calculate the remainder when 3193796 is divided by 5323.
5319
What is the remainder when 100136938 is divided by 115?
113
What is the remainder when 833428 is divided by 328?
308
Calculate the remainder when 120724618 is divided by 1340.
1338
Calculate the remainder when 2132228 is divided by 45363.
167
What is the remainder when 19352016 is divided by 19352012?
4
What is the remainder when 34104077 is divided by 15523?
46
What is the remainder when 31419181 is divided by 2094612?
1
What is the remainder when 1114056 is divided by 2710?
246
What is the remainder when 4776749 is divided by 110?
109
What is the remainder when 790214 is divided by 503?
1
What is the remainder when 735563 is divided by 496?
491
What is the remainder when 87525222 is divided by 288862?
36
Calculate the remainder when 54567758 is divided by 568.
566
Calculate the remainder when 27125236 is divided by 957.
28
What is the remainder when 170002 is divided by 42480?
82
Calculate the remainder when 50072 is divided by 16657.
101
Calculate the remainder when 2670439 is divided by 47.
40
What is the remainder when 47873 is divided by 3170?
323
Calculate the remainder when 10394 is divided by 10387.
7
What is the remainder when 445632 is divided by 1176?
1104
Calculate the remainder when 122760 is divided by 271.
268
Calculate the remainder when 1781729 is divided by 593905.
14
Calculate the remainder when 1098024 is divided by 78427.
46
What is the remainder when 570367 is divided by 9667?
14
Calculate the remainder when 16820672 is divided by 7035.
7022
What is the remainder when 522958368 is divided by 13?
10
What is the remainder when 1143148 is divided by 570321?
2506
Calculate the remainder when 1427448 is divided by 158586.
174
Calculate the remainder when 23030782 is divided by 33.
16
Calculate the remainder when 478167 is divided by 2115.
177
Calculate the remainder when 438031782 is divided by 5996.
5994
Calculate the remainder when 519331 is divided by 129780.
211
What is the remainder when 1392747 is divided by 115?
97
What is the remainder when 11774034 is divided by 118?
112
Calculate the remainder when 63313 is divided by 2619.
457
What is the remainder when 19750698 is divided by 13011?
0
What is the remainder when 1859346 is divided by 957?
852
Calculate the remainder when 246695099 is divided by 300.
299
Calculate the remainder when 11135847 is divided by 16233.
9
Calculate the remainder when 264913 is divided by 52914.
343
Calculate the remainder when 3081278 is divided by 251.
2
Calculate the remainder when 7319223 is divided by 124.
123
What is the remainder when 180503 is divided by 1434?
1253
What is the remainder when 675808 is divided by 1066?
1030
What is the remainder when 184253 is divided by 415?
408
What is the remainder when 263729248 is divided by 90?
88
Calculate the remainder when 23006725 is divided by 133.
119
Calculate the remainder when 282349 is divided by 1448.
1437
Calculate the remainder when 62727815 is divided by 6272779.
25
What is the remainder when 18398899 is divided by 180381?
37
Calculate the remainder when 395164 is divided by 1572.
592
What is the remainder when 627047 is divided by 199?
197
What is the remainder when 1588336 is divided by 7?
1
What is the remainder when 37033649 is divided by 5150?
5149
Calculate the remainder when 334466 is divided by 282.
14
Calculate the remainder when 4492393 is divided by 100.
93
Calculate the remainder when 41700613 is divided by 13900181.
70
What is the remainder when 1203280 is divided by 516?
484
Calculate the remainder when 32885 is divided by 163